e g(30).
236
Let l(s) = -2*s**2 - 88*s - 266. Determine l(-3).
-20
Let k(h) = -2*h**3 + 179*h**2 + 4005*h - 968. Calculate k(108).
4
Let s(d) = 129*d - 11087. Give s(86).
7
Let p(a) = -1538*a - 6147. Give p(-4).
5
Let r(i) = 38*i + 237. What is r(-9)?
-105
Let z(f) = -2*f**3 - 102*f**2 + 208*f - 217. Determine z(-53).
-5
Let i(w) = 23*w - 175. Determine i(6).
-37
Let o(i) = -i**2 + 84*i - 999. Give o(14).
-19
Let x(v) = 114*v - 18. Calculate x(0).
-18
Let b(p) = -p**2 + 23*p - 137. What is b(16)?
-25
Let p(o) = -o**3 + 7*o**2 - 40*o + 105. Calculate p(4).
-7
Let g(f) = f**2 + 39*f + 130. What is g(-28)?
-178
Let n(t) = t**2 - 8*t + 7. What is n(3)?
-8
Let n(s) = -s**3 + 2*s**2 + 16*s - 26. Determine n(3).
13
Let o(r) = -r**3 + 57*r**2 + 83*r - 1349. Determine o(58).
101
Let t(b) = 2*b**2 - 165*b + 1214. Determine t(73).
-173
Let q(f) = -f**2 + 22*f - 197. Calculate q(11).
-76
Let g(s) = 1800*s + 12615. Give g(-7).
15
Let l(s) = s**2 - 364*s + 3851. Give l(353).
-32
Let k(f) = -f**3 + 56*f**2 + 121*f + 177. Give k(58).
467
Let g(j) = -3214*j - 19264. Give g(-6).
20
Let u(m) = -2*m**2 + 104*m - 618. Calculate u(7).
12
Let a(i) = -12*i - 181. What is a(-20)?
59
Let u(i) = i + 73. Give u(1).
74
Let t(x) = -6*x**2 + 28*x - 55. Give t(6).
-103
Let p(z) = 5*z**2 - 119*z + 347. Determine p(3).
35
Let k(g) = 44*g + 214. What is k(-5)?
-6
Let t(h) = -23*h - 440. Give t(-19).
-3
Let n(w) = w**3 - 9*w**2 - 19*w - 48. What is n(11)?
-15
Let n(f) = f**3 - 3*f**2 + 51*f - 49. Give n(1).
0
Let r(p) = -p**3 + 5*p**2 + 49*p + 3. Give r(-5).
8
Let i(l) = l**2 - 401*l - 79145. Calculate i(-145).
25
Let f(q) = q**2 - 3691*q + 153257. What is f(42)?
-1
Let o(z) = -7*z - 711. Calculate o(0).
-711
Let r(x) = -8*x**3 - 172*x**2 + 85*x - 61. What is r(-22)?
5
Let s(a) = -a**3 - 18*a**2 - 87*a - 46. Give s(-7).
24
Let j(i) = i**3 + 12*i**2 + 15*i + 23. Calculate j(-11).
-21
Let d(n) = n**3 - 20*n**2 + 19*n - 11. Give d(19).
-11
Let v(f) = -3*f**3 - 51. What is v(-5)?
324
Let r(f) = -2*f**2 - 11*f + 100. Give r(-16).
-236
Let a(w) = -w**3 + 8*w**2 - 10*w + 2. Determine a(6).
14
Let r(a) = -a**3 - 13*a**2 + 45*a + 296. Calculate r(-12).
-388
Let y(l) = -20444*l - 102221. Give y(-5).
-1
Let s(r) = 5*r**2 - 33*r + 88. Determine s(3).
34
Let p(z) = -z**3 + 53*z**2 + 90*z - 1944. Calculate p(54).
0
Let p(q) = -14*q - 314. Determine p(-19).
-48
Let z(w) = -187*w + 35. Determine z(1).
-152
Let t(s) = -24*s - 12. What is t(1)?
-36
Let f(p) = 209*p - 2339. Determine f(11).
-40
Let j(p) = 65*p + 1535. Calculate j(-23).
40
Let v(p) = p**3 + 20*p**2 + 96*p - 23. Determine v(-10).
17
Let z(m) = -47*m - 442. What is z(-10)?
28
Let m(y) = 3*y**3 - 5*y**2 - 23*y + 120. What is m(4)?
140
Let v(c) = -c**2 + 5*c + 393. Give v(21).
57
Let k(x) = x**2 - 527*x + 2607. What is k(5)?
-3
Let h(l) = 204*l - 31409. Calculate h(154).
7
Let v(i) = i**3 - 98*i**2 - 5*i + 482. What is v(98)?
-8
Let o(h) = -h**2 - 41*h + 336. Give o(-50).
-114
Let n(r) = 7*r + 506. Determine n(-77).
-33
Let w(t) = 66*t + 660. What is w(-10)?
0
Let o(d) = 72*d + 234. What is o(-2)?
90
Let y(v) = v**3 + 11*v**2 - 14*v + 43. Determine y(-13).
-113
Let z(v) = 2*v**3 + 58*v**2 - 24*v - 690. Determine z(-29).
6
Let a(i) = -i**2 + 756*i - 2259. Give a(3).
0
Let n(f) = -f**3 - 20*f**2 + 20*f + 394. Determine n(-20).
-6
Let v(m) = 21*m**2 + 11*m - 3. Determine v(-4).
289
Let c(p) = -122*p - 3036. What is c(-25)?
14
Let s(g) = -8*g**2 - 26*g + 21. Calculate s(1).
-13
Let k(y) = y**3 + 38*y**2 - 75*y + 198. Determine k(-40).
-2
Let n(g) = -5*g**3 - 7*g**2 - 12*g - 30. Calculate n(-5).
480
Let a(c) = -2*c**3 - 5*c**2 + 912*c + 917. Calculate a(-1).
2
Let l(x) = 10*x**2 - 59*x + 15. Calculate l(6).
21
Let m(a) = 2*a**3 + 40*a**2 + 5*a + 34. What is m(-20)?
-66
Let h(r) = -r**2 + 26*r - 26. Determine h(32).
-218
Let o(v) = -v**3 - 70*v**2 - 651*v - 104. What is o(-59)?
14
Let q(m) = -15*m + 69. What is q(22)?
-261
Let u(n) = n**2 - 59*n - 468. What is u(-7)?
-6
Let t(f) = 33*f + 947. Give t(-29).
-10
Let k(l) = -58*l**2 + 27*l + 59. What is k(-2)?
-227
Let t(w) = 4*w - 129. Give t(29).
-13
Let w(z) = -187*z - 3156. Calculate w(-14).
-538
Let t(d) = -40*d**2 + d. Determine t(-1).
-41
Let o(w) = w**3 + 67*w**2 + 140*w + 661. Give o(-65).
11
Let f(u) = 1231*u - 39389. Determine f(32).
3
Let q(j) = -j**2 - 5*j + 206. Give q(-15).
56
Let d(h) = -h**2 + 217*h - 642. Give d(3).
0
Let i(k) = -3657*k + 32910. What is i(9)?
-3
Let z(g) = -g**3 + 174*g**2 - 1324*g - 9. Determine z(8).
23
Let r(u) = -86*u - 5589. Calculate r(-65).
1
Let l(c) = -82*c**2 + 11*c - 4. What is l(1)?
-75
Let n(l) = -2*l**2 + 21*l + 195. What is n(16)?
19
Let t(p) = 12*p**3 - 90*p**2 + 65*p - 3. Give t(7).
158
Let x(p) = 6*p**2 + 53*p + 3. What is x(-10)?
73
Let c(i) = -2*i**3 - 2*i**2 + 175*i + 58. Determine c(9).
13
Let v(l) = -11182*l + 22364. What is v(2)?
0
Let b(l) = -11*l**2 + 143*l - 241. What is b(11)?
1
Let z(x) = -x**3 - 3*x**2 + 19*x - 6. Calculate z(-5).
-51
Let i(l) = 2*l**3 + 66*l**2 + 90*l + 835. Give i(-32).
3
Let o(g) = 12*g**2 - 4*g - 11. Calculate o(4).
165
Let l(i) = 8*i - 7. Give l(-1).
-15
Let m(c) = 2*c**3 + c - 4. What is m(2)?
14
Let a(h) = 44*h - 758. Give a(17).
-10
Let a(k) = k**3 + 14*k**2 + 6*k + 2. Calculate a(-2).
38
Let d(k) = 13*k + 285. What is d(-22)?
-1
Let x(q) = -378*q + 15109. Calculate x(40).
-11
Let r(v) = 6*v**2 - 37*v - 8. Calculate r(9).
145
Let k(s) = -6*s**3 + 28*s**2 - 53. Calculate k(4).
11
Let s(t) = -1217*t - 7314. What is s(-6)?
-12
Let k(f) = -f**3 - 24*f**2 + 54*f + 90. What is k(-26)?
38
Let s(i) = i**3 - i**2 - 17*i - 22. Calculate s(-4).
-34
Let z(o) = o**3 - 4*o**2 - 18*o - 5. Give z(-5).
-140
Let k(o) = -2*o**3 + 24*o**2 - 14*o + 16. Calculate k(11).
104
Let x(t) = t**3 + 10*t**2 - 4*t - 189. Determine x(-7).
-14
Let c(k) = -15*k - 425. Determine c(-28).
-5
Let b(g) = -9*g**2 + 149*g + 66. Determine b(17).
-2
Let l(a) = -23*a**2 + 197*a + 399. Give l(-2).
-87
Let v(i) = 2*i**2 + 31*i - 643. Determine v(12).
17
Let w(c) = 35*c**2 + 204*c - 8. Determine w(-6).
28
Let y(n) = 3642*n - 32746. Give y(9).
32
Let s(a) = 2*a**3 + 26*a**2 + 74*a - 11. What is s(-5)?
19
Let g(x) = -2*x**2 + 20*x + 2023. Determine g(37).
25
Let q(o) = 2*o**2 - 19*o - 60. Determine q(17).
195
Let j(q) = -q**3 - 23*q**2 - 48*q - 104. What is j(-21)?
22
Let r(u) = -1206*u + 2390. Calculate r(2).
-22
Let g(b) = -b**2 - 30*b + 12. Calculate g(-22).
188
Let c(g) = -669*g - 2658. Give c(-5).
687
Let p(i) = -12*i - 696. What is p(-58)?
0
Let t(z) = -z**3 + 35*z**2 + 12*z - 40. Calculate t(0).
-40
Let v(s) = -163*s - 3031. What is v(-19)?
66
Let n(c) = c**3 - 34*c**2 - 156*c + 132. Calculate n(38).
-20
Let t(p) = 3*p**2 - 64*p - 93. Calculate t(23).
22
Let z(w) = -2*w**2 - 1555*w - 10793. Give z(-7).
-6
Let z(r) = 8*r**2 + 132*r - 383. Determine z(-19).
-3
Let h(b) = -4*b**2 + 14*b + 737. Give h(0).
737
Let m(r) = -r**3 + 2*r**2 - 17*r + 153. Determine m(7).
-211
Let w(r) = 463*r + 1841. Determine w(-4).
-11
Let a(p) = 1413*p - 2807. Give a(2).
19
Let n(q) = q**2 + 1956*q - 25591. What is n(13)?
6
Let j(f) = 242*f + 542. Determine j(-2).
58
Let o(l) = 585*l + 2412. Give o(-4).
72
Let p(o) = -5*o**3 - 50*o**2 - 48*o + 1. Determine p(-1).
4
Let m(r) = 329*r - 3477. Give m(11).
142
Let z(r) = 651*r - 535. Determine z(3).
1418
Let a(w) = -14*w**2 + 75*w - 63. What is a(1)?
-2
Let w(d) = d**3 + 16*d**2 - 7*d - 329. Give w(-15).
1
Let n(o) = o**3 + 11*o**2 + 2*o - 61. Determine n(-10).
19
Let k(u) = 5*u - 30. Give k(10).
20
Let d(x) = 4*x**2 + 16*x - 40. Give d(5).
140
Let c(d) = -d**3 - 84*d**2 + 262*d + 181. Give c(-87).
94
Let f(c) = c**3 - 243*c**2 + 6205*c + 21. What is f(29)?
-8
Let i(v) = 2*v**2 + 7*v + 35. Give i(-6).
65
Let n(f) = -16*f**2 - 246*f + 874. Determine n(3).
-8
Let a(y) = y**3 - 16*y**2 - 45*y + 127. Calculate a(18).
-35
Let n(h) = -h**3 + 27*h**2 - 19*h + 52. Give n(26).
234
Let u(a) = -275*a + 6604. Give u(24).
4
Let z(q) = q**2 - 2*q - 113. Calculate z(-13).
82
Let y(a) = -8*a**3 + 112*a**2 + 2*a - 30. What is y(14)?
-2
Let g(b) = 2860*b - 17164. Determine g(6).
-4
Let u(q) = 27*q - 38. Determine u(9).
205
Let f(w) = w**3 - 11*w**2 + 12*w - 66. Give f(11).
66
Let s(p) = -558*p - 13399. Calculate s(-24).
-7
Let o(n) = -n**2 